{"id":8608,"date":"2017-10-05T07:54:02","date_gmt":"2017-10-05T12:54:02","guid":{"rendered":"http:\/\/www.moelleepiniere.com\/?page_id=8608"},"modified":"2018-09-27T08:19:56","modified_gmt":"2018-09-27T13:19:56","slug":"donateurs-actuels-2","status":"publish","type":"page","link":"https:\/\/www.moelleepiniere.com\/en\/donateurs-actuels-2\/","title":{"rendered":"Current donors"},"content":{"rendered":"<p>The Fondation M\u00c9MO-Qc would like to thank its generous donors :<\/p>\n<p>&nbsp;<\/p>\n<p><strong>Donations in memoriam\u00a0 \u00a0 \u00a0 \u00a0 \u00a0 \u00a0 \u00a0 \u00a0 \u00a0 \u00a0 \u00a0 \u00a0 \u00a0 \u00a0 \u00a0 \u00a0 \u00a0 \u00a0 \u00a0 \u00a0 \u00a0 \u00a0 \u00a0 \u00a0 \u00a0 \u00a0 \u00a0 \u00a0 \u00a0 \u00a0\u00a0<\/strong><\/p>\n<p>Andr\u00e9e Veilleux in memory of Alain St-Laurent<\/p>\n<p>Charline Libersan in memory of Jean-Fran\u00e7ois Houle<\/p>\n<p>Comit\u00e9 social r\u00e9adaptation Honor\u00e9-Mercier in memory of Gervais Bouliane<\/p>\n<p>Denis Houle in memory of Jean-Fran\u00e7ois Houle<\/p>\n<p>Denise Gagnon in memory of Jean-Fran\u00e7ois Houle<\/p>\n<p>Denise Gigu\u00e8re in memory of Gervais Bouliane<\/p>\n<p>Diane Milette in memory of Alain St-Laurent<\/p>\n<p>Elaine Lalonde in memory of Alain St-Laurent<\/p>\n<p>Eric Simard in memory of Alain St-Laurent<\/p>\n<p>Fraternit\u00e9 Blanche Universelle in memory of Gervais Bouliane<\/p>\n<p>Ga\u00ebtan Gouin in memory of Rosaire Lemieux<\/p>\n<p>Joanne Smotrycki in memory of Rosaire Lemieux<\/p>\n<p>Julienne Gervais in memory of Alain St-Laurent<\/p>\n<p>Ren\u00e9e Houle in memory of Jean-Fran\u00e7ois Houle<\/p>\n<p>Roger Chalifoux in memory of Benoit Gendron<\/p>\n<p>Rose-Anna Langlois-Fortin in memory of Gervais Bouliane<\/p>\n<p>S.C.F.P. Local 2992, Madame Phyllis Smith in memory of Andr\u00e9 Greaves<\/p>\n<p>Sonia Turcotte in memory of Jean-Fran\u00e7ois Houle<\/p>\n<p>Sophie Houle in memory of Jean-Fran\u00e7ois Houle<\/p>\n<p>Th\u00e9r\u00e8se \u00c9mond in memory of Alain St-Laurent<\/p>\n<p>&nbsp;<\/p>\n<p><strong>Personal donations\u00a0 \u00a0 \u00a0 \u00a0 \u00a0 \u00a0 \u00a0 \u00a0 \u00a0 \u00a0 \u00a0 \u00a0 \u00a0 \u00a0 \u00a0 \u00a0 \u00a0 \u00a0 \u00a0 \u00a0 \u00a0 \u00a0 \u00a0 \u00a0 \u00a0 \u00a0 \u00a0 \u00a0 \u00a0 \u00a0 \u00a0 \u00a0 \u00a0<\/strong><\/p>\n<p>Andr\u00e9 Louis-Seize<\/p>\n<p>Christian Lamarre<\/p>\n<p>Georges Aub\u00e9<\/p>\n<p>Jean-No\u00ebl Rousseau<\/p>\n<p>Keryn Chemtom<\/p>\n<p>Nancy Renaud<\/p>\n<p>&nbsp;<\/p>\n<p><strong>Corporate\u00a0donnations<\/strong><\/p>\n<p>Centraide of Greater Montreal<\/p>\n<p>Centraide Estrie<\/p>\n<p>Groupe Robert Inc.<\/p>\n<p><strong>\u00a0<\/strong><\/p>\n<p><strong>Donations by will<\/strong><\/p>\n<p>Leg to the Foundation (with substitution of &#8220;residuo&#8221;)<\/p>\n<p>Daniel Lavall\u00e9e<\/p>","protected":false},"excerpt":{"rendered":"<p>The Fondation M\u00c9MO-Qc would like to thank its generous donors : &nbsp; Donations in memoriam\u00a0 \u00a0 \u00a0 \u00a0 \u00a0 \u00a0<\/p>\n","protected":false},"author":6673,"featured_media":0,"parent":0,"menu_order":0,"comment_status":"closed","ping_status":"closed","template":"","meta":{"_monsterinsights_skip_tracking":false,"_monsterinsights_sitenote_active":false,"_monsterinsights_sitenote_note":"","_monsterinsights_sitenote_category":0},"_links":{"self":[{"href":"https:\/\/www.moelleepiniere.com\/en\/wp-json\/wp\/v2\/pages\/8608"}],"collection":[{"href":"https:\/\/www.moelleepiniere.com\/en\/wp-json\/wp\/v2\/pages"}],"about":[{"href":"https:\/\/www.moelleepiniere.com\/en\/wp-json\/wp\/v2\/types\/page"}],"author":[{"embeddable":true,"href":"https:\/\/www.moelleepiniere.com\/en\/wp-json\/wp\/v2\/users\/6673"}],"replies":[{"embeddable":true,"href":"https:\/\/www.moelleepiniere.com\/en\/wp-json\/wp\/v2\/comments?post=8608"}],"version-history":[{"count":19,"href":"https:\/\/www.moelleepiniere.com\/en\/wp-json\/wp\/v2\/pages\/8608\/revisions"}],"predecessor-version":[{"id":9256,"href":"https:\/\/www.moelleepiniere.com\/en\/wp-json\/wp\/v2\/pages\/8608\/revisions\/9256"}],"wp:attachment":[{"href":"https:\/\/www.moelleepiniere.com\/en\/wp-json\/wp\/v2\/media?parent=8608"}],"curies":[{"name":"wp","href":"https:\/\/api.w.org\/{rel}","templated":true}]}}

<p>The Fondation MÉMO-Qc would like to thank its generous donors :</p>
<p>&nbsp;</p>
<p><strong>Donations in memoriam                                                            </strong></p>
<p>Andrée Veilleux in memory of Alain St-Laurent</p>
<p>Charline Libersan in memory of Jean-François Houle</p>
<p>Comité social réadaptation Honoré-Mercier in memory of Gervais Bouliane</p>
<p>Denis Houle in memory of Jean-François Houle</p>
<p>Denise Gagnon in memory of Jean-François Houle</p>
<p>Denise Giguère in memory of Gervais Bouliane</p>
<p>Diane Milette in memory of Alain St-Laurent</p>
<p>Elaine Lalonde in memory of Alain St-Laurent</p>
<p>Eric Simard in memory of Alain St-Laurent</p>
<p>Fraternité Blanche Universelle in memory of Gervais Bouliane</p>
<p>Gaëtan Gouin in memory of Rosaire Lemieux</p>
<p>Joanne Smotrycki in memory of Rosaire Lemieux</p>
<p>Julienne Gervais in memory of Alain St-Laurent</p>
<p>Renée Houle in memory of Jean-François Houle</p>
<p>Roger Chalifoux in memory of Benoit Gendron</p>
<p>Rose-Anna Langlois-Fortin in memory of Gervais Bouliane</p>
<p>S.C.F.P. Local 2992, Madame Phyllis Smith in memory of André Greaves</p>
<p>Sonia Turcotte in memory of Jean-François Houle</p>
<p>Sophie Houle in memory of Jean-François Houle</p>
<p>Thérèse Émond in memory of Alain St-Laurent</p>
<p>&nbsp;</p>
<p><strong>Personal donations                                                                 </strong></p>
<p>André Louis-Seize</p>
<p>Christian Lamarre</p>
<p>Georges Aubé</p>
<p>Jean-Noël Rousseau</p>
<p>Keryn Chemtom</p>
<p>Nancy Renaud</p>
<p>&nbsp;</p>
<p><strong>Corporate donnations</strong></p>
<p>Centraide of Greater Montreal</p>
<p>Centraide Estrie</p>
<p>Groupe Robert Inc.</p>
<p><strong> </strong></p>
<p><strong>Donations by will</strong></p>
<p>Leg to the Foundation (with substitution of &#8220;residuo&#8221;)</p>
<p>Daniel Lavallée</p>

<p>The Fondation MÉMO-Qc would like to thank its generous donors : &nbsp; Donations in memoriam           </p>
