{"id":1544,"date":"2011-08-09T15:47:41","date_gmt":"2011-08-09T20:47:41","guid":{"rendered":"http:\/\/www.paraquad.qc.ca\/memoqc\/?p=1567"},"modified":"2020-08-07T11:37:27","modified_gmt":"2020-08-07T16:37:27","slug":"nos-vid%c3%a9os","status":"publish","type":"page","link":"https:\/\/www.moelleepiniere.com\/en\/nos-vid%c3%a9os\/","title":{"rendered":"Our Videos"},"content":{"rendered":"<p>Video from our campaign &#8220;Pour un Qu\u00e9bec accessible&#8221;<\/p>\n<div class=\"fitvids-video\"><iframe loading=\"lazy\" width=\"660\" height=\"371\" src=\"https:\/\/www.youtube.com\/embed\/TC5Mfbh4ri0?feature=oembed\" frameborder=\"0\" allow=\"accelerometer; autoplay; encrypted-media; gyroscope; picture-in-picture\" allowfullscreen><\/iframe><\/div>\n<p>&nbsp;<\/p>\n<p>This webconference presented by Michel Danakas, physiotherapist from the Institut universitaire sur la r\u00e9adaptation en d\u00e9ficience physique de Montr\u00e9al, talks about the advances in research on spinal lesions. This video is in French only.<\/p>\n<div class=\"fitvids-video\"><iframe loading=\"lazy\" width=\"660\" height=\"371\" src=\"https:\/\/www.youtube.com\/embed\/JISIjzK_Tfc?start=1&#038;feature=oembed\" frameborder=\"0\" allow=\"accelerometer; autoplay; encrypted-media; gyroscope; picture-in-picture\" allowfullscreen><\/iframe><\/div>\n<p>&nbsp;<\/p>\n<p>&nbsp;<\/p>\n<p>The &#8216;Caf\u00e9 scientifique&#8217; was an event organized by MEMO-Qc in partnership with the Rick Hansen Institute (RHI) and with the collaboration of the R\u00e9seau provincial de recherche en adaptation-r\u00e9adaptation (REPAR) aimed at developing a common understanding of impact of pressure wounds in the daily lives of people living with spinal cord injury and identify recommendations and priorities for future research and investment in Quebec. Staff Physician at IRGLM Ben Albright, physiotherapist and clinical research coordinator at IRGLM Marie Th\u00e9r\u00e8se Laram\u00e9e and Jacques Comeau, quadriplegic and Integration Counselor at MEMO-Qc, gave lectures followed by workshops and a plenary session.<\/p>\n<div class=\"fitvids-video\"><iframe loading=\"lazy\" width=\"660\" height=\"371\" src=\"https:\/\/www.youtube.com\/embed\/LugvoGf-_nY?feature=oembed\" frameborder=\"0\" allow=\"accelerometer; autoplay; encrypted-media; gyroscope; picture-in-picture\" allowfullscreen><\/iframe><\/div>","protected":false},"excerpt":{"rendered":"<p>Video from our campaign &#8220;Pour un Qu\u00e9bec accessible&#8221; &nbsp; This webconference presented by Michel Danakas, physiotherapist from the Institut universitaire<\/p>\n","protected":false},"author":6,"featured_media":0,"parent":0,"menu_order":0,"comment_status":"closed","ping_status":"closed","template":"","meta":{"_monsterinsights_skip_tracking":false,"_monsterinsights_sitenote_active":false,"_monsterinsights_sitenote_note":"","_monsterinsights_sitenote_category":0},"_links":{"self":[{"href":"https:\/\/www.moelleepiniere.com\/en\/wp-json\/wp\/v2\/pages\/1544"}],"collection":[{"href":"https:\/\/www.moelleepiniere.com\/en\/wp-json\/wp\/v2\/pages"}],"about":[{"href":"https:\/\/www.moelleepiniere.com\/en\/wp-json\/wp\/v2\/types\/page"}],"author":[{"embeddable":true,"href":"https:\/\/www.moelleepiniere.com\/en\/wp-json\/wp\/v2\/users\/6"}],"replies":[{"embeddable":true,"href":"https:\/\/www.moelleepiniere.com\/en\/wp-json\/wp\/v2\/comments?post=1544"}],"version-history":[{"count":25,"href":"https:\/\/www.moelleepiniere.com\/en\/wp-json\/wp\/v2\/pages\/1544\/revisions"}],"predecessor-version":[{"id":10885,"href":"https:\/\/www.moelleepiniere.com\/en\/wp-json\/wp\/v2\/pages\/1544\/revisions\/10885"}],"wp:attachment":[{"href":"https:\/\/www.moelleepiniere.com\/en\/wp-json\/wp\/v2\/media?parent=1544"}],"curies":[{"name":"wp","href":"https:\/\/api.w.org\/{rel}","templated":true}]}}

<p>Video from our campaign &#8220;Pour un Québec accessible&#8221;</p>
<div class="fitvids-video"><iframe loading="lazy" width="660" height="371" src="https://www.youtube.com/embed/TC5Mfbh4ri0?feature=oembed" frameborder="0" allow="accelerometer; autoplay; encrypted-media; gyroscope; picture-in-picture" allowfullscreen></iframe></div>
<p>&nbsp;</p>
<p>This webconference presented by Michel Danakas, physiotherapist from the Institut universitaire sur la réadaptation en déficience physique de Montréal, talks about the advances in research on spinal lesions. This video is in French only.</p>
<div class="fitvids-video"><iframe loading="lazy" width="660" height="371" src="https://www.youtube.com/embed/JISIjzK_Tfc?start=1&#038;feature=oembed" frameborder="0" allow="accelerometer; autoplay; encrypted-media; gyroscope; picture-in-picture" allowfullscreen></iframe></div>
<p>&nbsp;</p>
<p>&nbsp;</p>
<p>The &#8216;Café scientifique&#8217; was an event organized by MEMO-Qc in partnership with the Rick Hansen Institute (RHI) and with the collaboration of the Réseau provincial de recherche en adaptation-réadaptation (REPAR) aimed at developing a common understanding of impact of pressure wounds in the daily lives of people living with spinal cord injury and identify recommendations and priorities for future research and investment in Quebec. Staff Physician at IRGLM Ben Albright, physiotherapist and clinical research coordinator at IRGLM Marie Thérèse Laramée and Jacques Comeau, quadriplegic and Integration Counselor at MEMO-Qc, gave lectures followed by workshops and a plenary session.</p>
<div class="fitvids-video"><iframe loading="lazy" width="660" height="371" src="https://www.youtube.com/embed/LugvoGf-_nY?feature=oembed" frameborder="0" allow="accelerometer; autoplay; encrypted-media; gyroscope; picture-in-picture" allowfullscreen></iframe></div>

<p>Video from our campaign &#8220;Pour un Québec accessible&#8221; &nbsp; This webconference presented by Michel Danakas, physiotherapist from the Institut universitaire</p>
