{"id":4420,"date":"2013-01-03T10:41:48","date_gmt":"2013-01-03T15:41:48","guid":{"rendered":"http:\/\/www.moelleepiniere.com\/wp-content\/uploads\/2011\/02\/AV3.jpg"},"modified":"2013-01-03T10:41:48","modified_gmt":"2013-01-03T15:41:48","slug":"viger-andre-2","status":"inherit","type":"attachment","link":"https:\/\/www.moelleepiniere.com\/en\/portraits\/viger-andre-2\/","title":{"rendered":"Viger, Andre"},"author":5809,"comment_status":"closed","ping_status":"open","template":"","meta":{"_monsterinsights_skip_tracking":false,"_monsterinsights_sitenote_active":false,"_monsterinsights_sitenote_note":"","_monsterinsights_sitenote_category":0},"description":{"rendered":"<p class=\"attachment\"><a href='https:\/\/www.moelleepiniere.com\/wp-content\/uploads\/2011\/02\/AV3.jpg'><img width=\"120\" height=\"150\" src=\"https:\/\/www.moelleepiniere.com\/wp-content\/uploads\/2011\/02\/AV3-120x150.jpg\" class=\"attachment-medium size-medium\" alt=\"\" loading=\"lazy\" srcset=\"https:\/\/www.moelleepiniere.com\/wp-content\/uploads\/2011\/02\/AV3-120x150.jpg 120w, https:\/\/www.moelleepiniere.com\/wp-content\/uploads\/2011\/02\/AV3-40x50.jpg 40w, https:\/\/www.moelleepiniere.com\/wp-content\/uploads\/2011\/02\/AV3-401x500.jpg 401w, https:\/\/www.moelleepiniere.com\/wp-content\/uploads\/2011\/02\/AV3-80x100.jpg 80w, https:\/\/www.moelleepiniere.com\/wp-content\/uploads\/2011\/02\/AV3.jpg 482w\" sizes=\"(max-width: 120px) 100vw, 120px\" \/><\/a><\/p>\n<p>Canada&#8217;s Andre Viger celebrates a gold medal win in the wheelchair event at the 1984 Olympic games in Los Angeles. (CP PHOTO\/ COA\/J Merrithew)<\/p>\n<p>Andr\u00e9 Viger du Canada c\u00e9l\u00e8bre apr\u00e8s avoir remport\u00e9 une m\u00e9daille d&#8217;or en fauteuil roulant aux Jeux olympiques de Los Angeles de 1984. (Photo PC\/AOC)<\/p>\n"},"caption":{"rendered":"<p>Canada&#8217;s Andre Viger celebrates a gold medal win in the wheelchair event at the 1984 Olympic games in Los Angeles.<\/p>\n"},"alt_text":"","media_type":"image","mime_type":"image\/jpeg","media_details":{"width":"482","height":"600","hwstring_small":"height='96' width='77'","file":"2011\/02\/AV3.jpg","sizes":{"thumbnail":{"file":"AV3-40x50.jpg","width":"40","height":"50","source_url":"https:\/\/www.moelleepiniere.com\/wp-content\/uploads\/2011\/02\/AV3-40x50.jpg"},"medium":{"file":"AV3-120x150.jpg","width":"120","height":"150","source_url":"https:\/\/www.moelleepiniere.com\/wp-content\/uploads\/2011\/02\/AV3-120x150.jpg"},"large":{"file":"AV3-401x500.jpg","width":"401","height":"500","source_url":"https:\/\/www.moelleepiniere.com\/wp-content\/uploads\/2011\/02\/AV3-401x500.jpg"},"jtd_anythingslide_thumb":{"file":"AV3-482x280.jpg","width":"482","height":"280","source_url":"https:\/\/www.moelleepiniere.com\/wp-content\/uploads\/2011\/02\/AV3-482x280.jpg"},"post-thumbnail":{"file":"AV3-80x100.jpg","width":"80","height":"100","source_url":"https:\/\/www.moelleepiniere.com\/wp-content\/uploads\/2011\/02\/AV3-80x100.jpg"},"blog-thumbnail":{"file":"AV3-120x150.jpg","width":"120","height":"150","source_url":"https:\/\/www.moelleepiniere.com\/wp-content\/uploads\/2011\/02\/AV3-120x150.jpg"},"sidebar-thumbnail":{"file":"AV3-150x150.jpg","width":"150","height":"150","source_url":"https:\/\/www.moelleepiniere.com\/wp-content\/uploads\/2011\/02\/AV3-150x150.jpg"},"ad-thumb":{"file":"AV3-50x50.jpg","width":"50","height":"50","source_url":"https:\/\/www.moelleepiniere.com\/wp-content\/uploads\/2011\/02\/AV3-50x50.jpg"},"ad-small":{"file":"AV3-100x100.jpg","width":"100","height":"100","source_url":"https:\/\/www.moelleepiniere.com\/wp-content\/uploads\/2011\/02\/AV3-100x100.jpg"},"ad-medium":{"file":"AV3-250x250.jpg","width":"250","height":"250","source_url":"https:\/\/www.moelleepiniere.com\/wp-content\/uploads\/2011\/02\/AV3-250x250.jpg"},"full":{"file":"AV3.jpg","width":482,"height":600,"mime_type":"image\/jpeg","source_url":"https:\/\/www.moelleepiniere.com\/wp-content\/uploads\/2011\/02\/AV3.jpg"}},"image_meta":{"aperture":"0","credit":"CP","camera":"","caption":"Canada's Andre Viger celebrates a gold medal win in the wheelchair event at the 1984 Olympic games in Los Angeles. (CP PHOTO\/ COA\/J Merrithew)\r\rAndr\u00e9 Viger du Canada c\u00e9l\u00e8bre apr\u00e8s avoir remport\u00e9 une m\u00e9daille d'or en fauteuil roulant aux Jeux olympiques de Los Angeles de 1984. (Photo PC\/AOC)","created_timestamp":"0","copyright":"","focal_length":"0","iso":"0","shutter_speed":"0","title":"Viger, Andre"}},"post":58,"source_url":"https:\/\/www.moelleepiniere.com\/wp-content\/uploads\/2011\/02\/AV3.jpg","_links":{"self":[{"href":"https:\/\/www.moelleepiniere.com\/en\/wp-json\/wp\/v2\/media\/4420"}],"collection":[{"href":"https:\/\/www.moelleepiniere.com\/en\/wp-json\/wp\/v2\/media"}],"about":[{"href":"https:\/\/www.moelleepiniere.com\/en\/wp-json\/wp\/v2\/types\/attachment"}],"author":[{"embeddable":true,"href":"https:\/\/www.moelleepiniere.com\/en\/wp-json\/wp\/v2\/users\/5809"}],"replies":[{"embeddable":true,"href":"https:\/\/www.moelleepiniere.com\/en\/wp-json\/wp\/v2\/comments?post=4420"}]}}

<p class="attachment"><a href='https://www.moelleepiniere.com/wp-content/uploads/2011/02/AV3.jpg'><img width="120" height="150" src="https://www.moelleepiniere.com/wp-content/uploads/2011/02/AV3-120x150.jpg" class="attachment-medium size-medium" alt="" loading="lazy" srcset="https://www.moelleepiniere.com/wp-content/uploads/2011/02/AV3-120x150.jpg 120w, https://www.moelleepiniere.com/wp-content/uploads/2011/02/AV3-40x50.jpg 40w, https://www.moelleepiniere.com/wp-content/uploads/2011/02/AV3-401x500.jpg 401w, https://www.moelleepiniere.com/wp-content/uploads/2011/02/AV3-80x100.jpg 80w, https://www.moelleepiniere.com/wp-content/uploads/2011/02/AV3.jpg 482w" sizes="(max-width: 120px) 100vw, 120px" /></a></p>
<p>Canada&#8217;s Andre Viger celebrates a gold medal win in the wheelchair event at the 1984 Olympic games in Los Angeles. (CP PHOTO/ COA/J Merrithew)</p>
<p>André Viger du Canada célèbre après avoir remporté une médaille d&#8217;or en fauteuil roulant aux Jeux olympiques de Los Angeles de 1984. (Photo PC/AOC)</p>

Canada's Andre Viger celebrates a gold medal win in the wheelchair event at the 1984 Olympic games in Los Angeles. (CP PHOTO/ COA/J Merrithew)André Viger du Canada célèbre après avoir remporté une médaille d'or en fauteuil roulant aux Jeux olympiques de Los Angeles de 1984. (Photo PC/AOC)
